[INFO] cloning repository https://github.com/bochaco/error-chain-test
[INFO] running `Command { std: "git" "-c" "credential.helper=" "-c" "credential.helper=/workspace/cargo-home/bin/git-credential-null" "clone" "--bare" "https://github.com/bochaco/error-chain-test" "/workspace/cache/git-repos/https%3A%2F%2Fgithub.com%2Fbochaco%2Ferror-chain-test", kill_on_drop: false }`
[INFO] [stderr] Cloning into bare repository '/workspace/cache/git-repos/https%3A%2F%2Fgithub.com%2Fbochaco%2Ferror-chain-test'...
[INFO] running `Command { std: "git" "rev-parse" "HEAD", kill_on_drop: false }`
[INFO] [stdout] b1349117579da4c2d3ca1267521599f5489e1f52
[INFO] checking bochaco/error-chain-test against master#9610dfe5a9a731ced1ea4923ecbd0c57fe367898 for beta-170-4
[INFO] running `Command { std: "git" "clone" "/workspace/cache/git-repos/https%3A%2F%2Fgithub.com%2Fbochaco%2Ferror-chain-test" "/workspace/builds/worker-1-tc1/source", kill_on_drop: false }`
[INFO] [stderr] Cloning into '/workspace/builds/worker-1-tc1/source'...
[INFO] [stderr] done.
[INFO] validating manifest of git repo https://github.com/bochaco/error-chain-test on toolchain 9610dfe5a9a731ced1ea4923ecbd0c57fe367898
[INFO] running `Command { std: CARGO_HOME="/workspace/cargo-home" RUSTUP_HOME="/workspace/rustup-home" "/workspace/cargo-home/bin/cargo" "+9610dfe5a9a731ced1ea4923ecbd0c57fe367898" "metadata" "--manifest-path" "Cargo.toml" "--no-deps", kill_on_drop: false }`
[INFO] started tweaking git repo https://github.com/bochaco/error-chain-test
[INFO] finished tweaking git repo https://github.com/bochaco/error-chain-test
[INFO] tweaked toml for git repo https://github.com/bochaco/error-chain-test written to /workspace/builds/worker-1-tc1/source/Cargo.toml
[INFO] crate git repo https://github.com/bochaco/error-chain-test already has a lockfile, it will not be regenerated
[INFO] running `Command { std: CARGO_HOME="/workspace/cargo-home" RUSTUP_HOME="/workspace/rustup-home" "/workspace/cargo-home/bin/cargo" "+9610dfe5a9a731ced1ea4923ecbd0c57fe367898" "fetch" "--manifest-path" "Cargo.toml", kill_on_drop: false }`
[INFO] running `Command { std: "docker" "create" "-v" "/var/lib/crater-agent-workspace/builds/worker-1-tc1/target:/opt/rustwide/target:rw,Z" "-v" "/var/lib/crater-agent-workspace/builds/worker-1-tc1/source:/opt/rustwide/workdir:ro,Z" "-v" "/var/lib/crater-agent-workspace/cargo-home:/opt/rustwide/cargo-home:ro,Z" "-v" "/var/lib/crater-agent-workspace/rustup-home:/opt/rustwide/rustup-home:ro,Z" "-e" "SOURCE_DIR=/opt/rustwide/workdir" "-e" "CARGO_TARGET_DIR=/opt/rustwide/target" "-e" "CARGO_HOME=/opt/rustwide/cargo-home" "-e" "RUSTUP_HOME=/opt/rustwide/rustup-home" "-w" "/opt/rustwide/workdir" "-m" "1610612736" "--user" "0:0" "--network" "none" "ghcr.io/rust-lang/crates-build-env/linux@sha256:19e73879b68f455e41552ea35293514db52ea292d993f571636dbffedb77a1ee" "/opt/rustwide/cargo-home/bin/cargo" "+9610dfe5a9a731ced1ea4923ecbd0c57fe367898" "metadata" "--no-deps" "--format-version=1", kill_on_drop: false }`
[INFO] [stdout] 7a3c717b7b18ca289f4299305edefcf4c403751d8a88df127f901a0b366af65a
[INFO] running `Command { std: "docker" "start" "-a" "7a3c717b7b18ca289f4299305edefcf4c403751d8a88df127f901a0b366af65a", kill_on_drop: false }`
[INFO] running `Command { std: "docker" "inspect" "7a3c717b7b18ca289f4299305edefcf4c403751d8a88df127f901a0b366af65a", kill_on_drop: false }`
[INFO] running `Command { std: "docker" "rm" "-f" "7a3c717b7b18ca289f4299305edefcf4c403751d8a88df127f901a0b366af65a", kill_on_drop: false }`
[INFO] [stdout] 7a3c717b7b18ca289f4299305edefcf4c403751d8a88df127f901a0b366af65a
[INFO] running `Command { std: "docker" "create" "-v" "/var/lib/crater-agent-workspace/builds/worker-1-tc1/target:/opt/rustwide/target:rw,Z" "-v" "/var/lib/crater-agent-workspace/builds/worker-1-tc1/source:/opt/rustwide/workdir:ro,Z" "-v" "/var/lib/crater-agent-workspace/cargo-home:/opt/rustwide/cargo-home:ro,Z" "-v" "/var/lib/crater-agent-workspace/rustup-home:/opt/rustwide/rustup-home:ro,Z" "-e" "SOURCE_DIR=/opt/rustwide/workdir" "-e" "CARGO_TARGET_DIR=/opt/rustwide/target" "-e" "CARGO_INCREMENTAL=0" "-e" "RUST_BACKTRACE=full" "-e" "RUSTFLAGS=--cap-lints=forbid" "-e" "RUSTDOCFLAGS=--cap-lints=forbid" "-e" "CARGO_HOME=/opt/rustwide/cargo-home" "-e" "RUSTUP_HOME=/opt/rustwide/rustup-home" "-w" "/opt/rustwide/workdir" "-m" "1610612736" "--user" "0:0" "--network" "none" "ghcr.io/rust-lang/crates-build-env/linux@sha256:19e73879b68f455e41552ea35293514db52ea292d993f571636dbffedb77a1ee" "/opt/rustwide/cargo-home/bin/cargo" "+9610dfe5a9a731ced1ea4923ecbd0c57fe367898" "check" "--frozen" "--all" "--all-targets" "--message-format=json", kill_on_drop: false }`
[INFO] [stdout] 7494c4c962ce6070fa789b400f8079f2f9b0046bd1692f1f9509b14275ee8676
[INFO] running `Command { std: "docker" "start" "-a" "7494c4c962ce6070fa789b400f8079f2f9b0046bd1692f1f9509b14275ee8676", kill_on_drop: false }`
[INFO] [stderr]    Compiling proc-macro2 v1.0.24
[INFO] [stderr]    Compiling unicode-xid v0.2.1
[INFO] [stderr]    Compiling syn v1.0.56
[INFO] [stderr]    Compiling ryu v1.0.5
[INFO] [stderr]    Compiling serde v1.0.118
[INFO] [stderr]    Compiling anyhow v1.0.37
[INFO] [stderr]    Compiling serde_json v1.0.61
[INFO] [stderr]     Checking itoa v0.4.7
[INFO] [stderr]     Checking bytes v1.0.0
[INFO] [stderr]    Compiling quote v1.0.8
[INFO] [stderr]    Compiling thiserror-impl v1.0.23
[INFO] [stderr]     Checking thiserror v1.0.23
[INFO] [stderr]     Checking error-chains v0.1.0 (/opt/rustwide/workdir)
[INFO] [stdout] error[E0407]: method `backtrace` is not a member of trait `std::error::Error`
[INFO] [stdout]   --> src/data.rs:20:10
[INFO] [stdout]    |
[INFO] [stdout] 20 | #[derive(Error, Debug)]
[INFO] [stdout]    |          ^^^^^ not a member of trait `std::error::Error`
[INFO] [stdout]    |
[INFO] [stdout]    = note: this error originates in the derive macro `Error` (in Nightly builds, run with -Z macro-backtrace for more info)
[INFO] [stdout] 
[INFO] [stdout] 
[INFO] [stdout] error[E0407]: method `backtrace` is not a member of trait `std::error::Error`
[INFO] [stdout]   --> src/io.rs:23:10
[INFO] [stdout]    |
[INFO] [stdout] 23 | #[derive(Error, Debug)]
[INFO] [stdout]    |          ^^^^^ not a member of trait `std::error::Error`
[INFO] [stdout]    |
[INFO] [stdout]    = note: this error originates in the derive macro `Error` (in Nightly builds, run with -Z macro-backtrace for more info)
[INFO] [stdout] 
[INFO] [stdout] 
[INFO] [stdout] warning: the feature `backtrace` has been stable since 1.65.0 and no longer requires an attribute to enable
[INFO] [stdout]  --> src/main.rs:1:12
[INFO] [stdout]   |
[INFO] [stdout] 1 | #![feature(backtrace)]
[INFO] [stdout]   |            ^^^^^^^^^
[INFO] [stdout]   |
[INFO] [stdout]   = note: `#[warn(stable_features)]` on by default
[INFO] [stdout] 
[INFO] [stdout] 
[INFO] [stdout] error[E0407]: method `backtrace` is not a member of trait `std::error::Error`
[INFO] [stdout]   --> src/data.rs:20:10
[INFO] [stdout]    |
[INFO] [stdout] 20 | #[derive(Error, Debug)]
[INFO] [stdout]    |          ^^^^^ not a member of trait `std::error::Error`
[INFO] [stdout]    |
[INFO] [stdout]    = note: this error originates in the derive macro `Error` (in Nightly builds, run with -Z macro-backtrace for more info)
[INFO] [stdout] 
[INFO] [stdout] 
[INFO] [stdout] error[E0407]: method `backtrace` is not a member of trait `std::error::Error`
[INFO] [stdout]   --> src/io.rs:23:10
[INFO] [stdout]    |
[INFO] [stdout] 23 | #[derive(Error, Debug)]
[INFO] [stdout]    |          ^^^^^ not a member of trait `std::error::Error`
[INFO] [stdout]    |
[INFO] [stdout]    = note: this error originates in the derive macro `Error` (in Nightly builds, run with -Z macro-backtrace for more info)
[INFO] [stdout] 
[INFO] [stdout] 
[INFO] [stdout] warning: the feature `backtrace` has been stable since 1.65.0 and no longer requires an attribute to enable
[INFO] [stdout]  --> src/main.rs:1:12
[INFO] [stdout]   |
[INFO] [stdout] 1 | #![feature(backtrace)]
[INFO] [stdout]   |            ^^^^^^^^^
[INFO] [stdout]   |
[INFO] [stdout]   = note: `#[warn(stable_features)]` on by default
[INFO] [stdout] 
[INFO] [stdout] 
[INFO] [stdout] error[E0599]: no method named `backtrace` found for reference `&(dyn std::error::Error + 'static)` in the current scope
[INFO] [stdout]   --> src/data.rs:25:9
[INFO] [stdout]    |
[INFO] [stdout] 25 |         source: IoError,
[INFO] [stdout]    |         ^^^^^^ method not found in `&dyn Error`
[INFO] [stdout] 
[INFO] [stdout] 
[INFO] [stdout] error[E0599]: no method named `backtrace` found for reference `&(dyn std::error::Error + 'static)` in the current scope
[INFO] [stdout]   --> src/data.rs:31:9
[INFO] [stdout]    |
[INFO] [stdout] 31 |         source: str::Utf8Error,
[INFO] [stdout]    |         ^^^^^^ method not found in `&dyn Error`
[INFO] [stdout] 
[INFO] [stdout] 
[INFO] [stdout] error[E0599]: no method named `backtrace` found for reference `&(dyn std::error::Error + 'static)` in the current scope
[INFO] [stdout]   --> src/data.rs:25:9
[INFO] [stdout]    |
[INFO] [stdout] 25 |         source: IoError,
[INFO] [stdout]    |         ^^^^^^ method not found in `&dyn Error`
[INFO] [stdout] 
[INFO] [stdout] 
[INFO] [stdout] error[E0599]: no method named `backtrace` found for reference `&(dyn std::error::Error + 'static)` in the current scope
[INFO] [stdout]   --> src/data.rs:31:9
[INFO] [stdout]    |
[INFO] [stdout] 31 |         source: str::Utf8Error,
[INFO] [stdout]    |         ^^^^^^ method not found in `&dyn Error`
[INFO] [stdout] 
[INFO] [stdout] 
[INFO] [stdout] error[E0599]: no method named `backtrace` found for reference `&(dyn std::error::Error + 'static)` in the current scope
[INFO] [stdout]   --> src/data.rs:37:9
[INFO] [stdout]    |
[INFO] [stdout] 37 |         source: serde_json::Error,
[INFO] [stdout]    |         ^^^^^^ method not found in `&dyn Error`
[INFO] [stdout] 
[INFO] [stdout] 
[INFO] [stdout] error[E0599]: no method named `backtrace` found for reference `&(dyn std::error::Error + 'static)` in the current scope
[INFO] [stdout]   --> src/data.rs:37:9
[INFO] [stdout]    |
[INFO] [stdout] 37 |         source: serde_json::Error,
[INFO] [stdout]    |         ^^^^^^ method not found in `&dyn Error`
[INFO] [stdout] 
[INFO] [stdout] 
[INFO] [stdout] error[E0599]: no method named `backtrace` found for reference `&(dyn std::error::Error + 'static)` in the current scope
[INFO] [stdout]   --> src/io.rs:28:9
[INFO] [stdout]    |
[INFO] [stdout] 28 |         source: io::Error,
[INFO] [stdout]    |         ^^^^^^ method not found in `&dyn Error`
[INFO] [stdout] 
[INFO] [stdout] 
[INFO] [stdout] error[E0599]: no method named `backtrace` found for reference `&(dyn std::error::Error + 'static)` in the current scope
[INFO] [stdout]   --> src/io.rs:28:9
[INFO] [stdout]    |
[INFO] [stdout] 28 |         source: io::Error,
[INFO] [stdout]    |         ^^^^^^ method not found in `&dyn Error`
[INFO] [stdout] 
[INFO] [stdout] 
[INFO] [stdout] error[E0599]: no method named `backtrace` found for reference `&(dyn std::error::Error + 'static)` in the current scope
[INFO] [stdout]   --> src/io.rs:34:9
[INFO] [stdout]    |
[INFO] [stdout] 34 |         source: InvalidPathError,
[INFO] [stdout]    |         ^^^^^^ method not found in `&dyn Error`
[INFO] [stdout] 
[INFO] [stdout] 
[INFO] [stdout] error[E0599]: no method named `backtrace` found for reference `&(dyn std::error::Error + 'static)` in the current scope
[INFO] [stdout]   --> src/io.rs:34:9
[INFO] [stdout]    |
[INFO] [stdout] 34 |         source: InvalidPathError,
[INFO] [stdout]    |         ^^^^^^ method not found in `&dyn Error`
[INFO] [stdout] 
[INFO] [stdout] 
[INFO] [stdout] error[E0599]: no method named `backtrace` found for reference `&dyn std::error::Error` in the current scope
[INFO] [stdout]   --> src/main.rs:24:68
[INFO] [stdout]    |
[INFO] [stdout] 24 |                 println!("SOURCE #{} BACKTRACE: {:#?}", index, src.backtrace());
[INFO] [stdout]    |                                                                    ^^^^^^^^^ method not found in `&dyn Error`
[INFO] [stdout] 
[INFO] [stdout] 
[INFO] [stdout] error[E0599]: no method named `backtrace` found for reference `&dyn std::error::Error` in the current scope
[INFO] [stdout]   --> src/main.rs:24:68
[INFO] [stdout]    |
[INFO] [stdout] 24 |                 println!("SOURCE #{} BACKTRACE: {:#?}", index, src.backtrace());
[INFO] [stdout]    |                                                                    ^^^^^^^^^ method not found in `&dyn Error`
[INFO] [stdout] 
[INFO] [stdout] 
[INFO] [stdout] error: aborting due to 8 previous errors; 1 warning emitted
[INFO] [stdout] 
[INFO] [stdout] 
[INFO] [stdout] Some errors have detailed explanations: E0407, E0599.
[INFO] [stdout] 
[INFO] [stdout] For more information about an error, try `rustc --explain E0407`.
[INFO] [stdout] 
[INFO] [stdout] error: aborting due to 8 previous errors; 1 warning emitted
[INFO] [stdout] 
[INFO] [stdout] 
[INFO] [stdout] Some errors have detailed explanations: E0407, E0599.
[INFO] [stdout] 
[INFO] [stdout] For more information about an error, try `rustc --explain E0407`.
[INFO] [stdout] 
[INFO] [stderr] error: could not compile `error-chains` (bin "error-chains") due to 9 previous errors; 1 warning emitted
[INFO] [stderr] warning: build failed, waiting for other jobs to finish...
[INFO] [stderr] error: could not compile `error-chains` (bin "error-chains" test) due to 9 previous errors; 1 warning emitted
[INFO] running `Command { std: "docker" "inspect" "7494c4c962ce6070fa789b400f8079f2f9b0046bd1692f1f9509b14275ee8676", kill_on_drop: false }`
[INFO] running `Command { std: "docker" "rm" "-f" "7494c4c962ce6070fa789b400f8079f2f9b0046bd1692f1f9509b14275ee8676", kill_on_drop: false }`
[INFO] [stdout] 7494c4c962ce6070fa789b400f8079f2f9b0046bd1692f1f9509b14275ee8676
